{"id":106,"date":"2017-04-22T20:22:09","date_gmt":"2017-04-22T20:22:09","guid":{"rendered":"http:\/\/wandelsterne.at\/?page_id=106"},"modified":"2020-08-19T14:31:44","modified_gmt":"2020-08-19T14:31:44","slug":"was-mir-wichtig-ist","status":"publish","type":"page","link":"https:\/\/wandelsterne.at\/?page_id=106","title":{"rendered":"Was mir wichtig ist"},"content":{"rendered":"\n<h4>Was mir wichtig ist<\/h4>\n\n\n\n<ul><li>Astrologische Beratung bedeutet f\u00fcr mich, dass ich Ihnen als Mensch mit Ihren Fragen und Anliegen meine vollste Wertsch\u00e4tzung und Vertraulichkeit entgegenbringe.<\/li><li>Seri\u00f6se Astrologie, wie ich sie verstehe, unterst\u00fctzt Sie darin, Ihre Perspektiven zu erweitern, eigene Entscheidungen zu treffen und sich besser kennen zu lernen.<\/li><li>Astrologie ist keine Wahrsagerei, Ereignisse k\u00f6nnen nicht vorhergesagt werden. Unser Leben ist zwar eingebettet in kosmische Rhythmen, aber durch diese Rhythmen nicht vollst\u00e4ndig determiniert. Ein Horoskop zeigt Tendenzen und Neigungen, so wie Thomas von Aquin anschaulich meinte: \u201e<em>Die Sterne machen geneigt, sie zwingen nicht<\/em>\u201c.<\/li><li>Mir ist es wichtig, dass ich neben laufender Weiterbildung auf eine fundierte Grundausbildung zur\u00fcckgreifen kann. Sie gibt mir Halt und garantiert Ihnen professionelles Arbeiten.<\/li><\/ul>\n\n\n\n<div class=\"wp-block-image\"><figure class=\"aligncenter size-medium\"><img decoding=\"async\" loading=\"lazy\" width=\"214\" height=\"300\" src=\"https:\/\/wandelsterne.at\/wp-content\/uploads\/2018\/10\/Astro-Zertifikat-214x300.jpg\" alt=\"\" class=\"wp-image-278\" srcset=\"https:\/\/wandelsterne.at\/wp-content\/uploads\/2018\/10\/Astro-Zertifikat-214x300.jpg 214w, https:\/\/wandelsterne.at\/wp-content\/uploads\/2018\/10\/Astro-Zertifikat-768x1074.jpg 768w, https:\/\/wandelsterne.at\/wp-content\/uploads\/2018\/10\/Astro-Zertifikat-732x1024.jpg 732w, https:\/\/wandelsterne.at\/wp-content\/uploads\/2018\/10\/Astro-Zertifikat-640x895.jpg 640w, https:\/\/wandelsterne.at\/wp-content\/uploads\/2018\/10\/Astro-Zertifikat-1010x1413.jpg 1010w\" sizes=\"(max-width: 214px) 100vw, 214px\" \/><\/figure><\/div>\n","protected":false},"excerpt":{"rendered":"<p>Was mir wichtig ist Astrologische Beratung bedeutet f\u00fcr mich, dass ich Ihnen als Mensch mit Ihren Fragen und Anliegen meine vollste Wertsch\u00e4tzung und Vertraulichkeit entgegenbringe. Seri\u00f6se Astrologie, wie ich sie verstehe, unterst\u00fctzt Sie darin, Ihre Perspektiven zu erweitern, eigene Entscheidungen zu treffen und sich besser kennen zu lernen. Astrologie ist keine Wahrsagerei, Ereignisse k\u00f6nnen nicht [&hellip;]<\/p>\n","protected":false},"author":1,"featured_media":0,"parent":0,"menu_order":0,"comment_status":"closed","ping_status":"closed","template":"","meta":[],"_links":{"self":[{"href":"https:\/\/wandelsterne.at\/index.php?rest_route=\/wp\/v2\/pages\/106"}],"collection":[{"href":"https:\/\/wandelsterne.at\/index.php?rest_route=\/wp\/v2\/pages"}],"about":[{"href":"https:\/\/wandelsterne.at\/index.php?rest_route=\/wp\/v2\/types\/page"}],"author":[{"embeddable":true,"href":"https:\/\/wandelsterne.at\/index.php?rest_route=\/wp\/v2\/users\/1"}],"replies":[{"embeddable":true,"href":"https:\/\/wandelsterne.at\/index.php?rest_route=%2Fwp%2Fv2%2Fcomments&post=106"}],"version-history":[{"count":3,"href":"https:\/\/wandelsterne.at\/index.php?rest_route=\/wp\/v2\/pages\/106\/revisions"}],"predecessor-version":[{"id":288,"href":"https:\/\/wandelsterne.at\/index.php?rest_route=\/wp\/v2\/pages\/106\/revisions\/288"}],"wp:attachment":[{"href":"https:\/\/wandelsterne.at\/index.php?rest_route=%2Fwp%2Fv2%2Fmedia&parent=106"}],"curies":[{"name":"wp","href":"https:\/\/api.w.org\/{rel}","templated":true}]}}