{"id":159,"date":"2017-04-23T18:29:51","date_gmt":"2017-04-23T18:29:51","guid":{"rendered":"http:\/\/wandelsterne.at\/?page_id=159"},"modified":"2020-08-19T14:29:50","modified_gmt":"2020-08-19T14:29:50","slug":"ueber-mich","status":"publish","type":"page","link":"https:\/\/wandelsterne.at\/?page_id=159","title":{"rendered":"\u00dcber mich"},"content":{"rendered":"<h4><img decoding=\"async\" loading=\"lazy\" class=\"wp-image-265 size-medium aligncenter\" src=\"http:\/\/wandelsterne.at\/wp-content\/uploads\/2017\/04\/P4160021-266x300.jpg\" alt=\"\" width=\"266\" height=\"300\" srcset=\"https:\/\/wandelsterne.at\/wp-content\/uploads\/2017\/04\/P4160021-266x300.jpg 266w, https:\/\/wandelsterne.at\/wp-content\/uploads\/2017\/04\/P4160021-768x866.jpg 768w, https:\/\/wandelsterne.at\/wp-content\/uploads\/2017\/04\/P4160021-909x1024.jpg 909w, https:\/\/wandelsterne.at\/wp-content\/uploads\/2017\/04\/P4160021-640x721.jpg 640w, https:\/\/wandelsterne.at\/wp-content\/uploads\/2017\/04\/P4160021-1010x1138.jpg 1010w, https:\/\/wandelsterne.at\/wp-content\/uploads\/2017\/04\/P4160021.jpg 1331w\" sizes=\"(max-width: 266px) 100vw, 266px\" \/><\/h4>\n<h4>Mein Werdegang<\/h4>\n<ul>\n<li>Geboren 1963 in Innsbruck mit Sonne in Krebs und Aszendent Fisch<\/li>\n<li>Nach der Matura Studium der Kultur- und Sozialanthropologie und Geschichte in Wien. Bei einem Seminar zu \u201eOrakel im Kulturkontext\u201c im Rahmen des Studiums erste intensive Besch\u00e4ftigung mit Astrologie. Seit damals \u2013 1984 &#8211; autodidaktisches Studium der psychologischen und spirituellen Astrologie.<\/li>\n<li>Nach dem Studium Mitarbeit bei der Konzeption und Aufbau des Museums der V\u00f6lker in Schwaz. Als stellvertretende Leiterin hatte ich ein breitgef\u00e4chertes Aufgabengebiet, unter anderem \u00d6ffentlichkeitsarbeit, Mitarbeiterf\u00fchrung und Kulturvermittlung. In diesen Jahren lernte ich unternehmerisches Denken und gleichzeitig erlangte ich Verst\u00e4ndnis f\u00fcr die Anliegen von ArbeitnehmerInnen \u2013 Perspektiven, die f\u00fcr berufliche astrologische Beratungen sehr wertvoll sind.<\/li>\n<li>1998 \u2013 2001 Ausbildung zur Berufsastrologin der \u201eAstrologischen Menschenkunde\u201c bei Dr. Peter Niehenke in seinem Freiburger Ausbildungszentrum des Deutschen Astrologenverbandes (DAV), dessen Vorsitzender er von 1981-1991 war. Seit dieser Zeit zahlreiche astrologische Beratungen.<\/li>\n<li>Gleichzeitig absolvierte ich das psychotherapeutische Prop\u00e4deutikum, den theoretischen Teil einer Psychotherapieausbildung.<\/li>\n<li>2001 -2017 ambulante Familienarbeit im psychosozialen Bereich. W\u00e4hrend dieser Zeit konnte ich mir fundierte Kenntnisse \u00fcber Gespr\u00e4chsf\u00fchrung, Krisenmanagement, systemische Beratung, Entwicklung von Kindern und Jugendlichen und Supervision aneignen.<\/li>\n<li>2017 Gr\u00fcndung der astrologischen Praxis<\/li>\n<\/ul>\n<p><img decoding=\"async\" loading=\"lazy\" class=\"size-medium wp-image-184 aligncenter\" src=\"http:\/\/wandelsterne.at\/wp-content\/uploads\/2017\/04\/2017-04-14-WANDELSTERNE-LOGO-TEXT-CROP-0001-300x42.png\" alt=\"\" width=\"300\" height=\"42\" srcset=\"https:\/\/wandelsterne.at\/wp-content\/uploads\/2017\/04\/2017-04-14-WANDELSTERNE-LOGO-TEXT-CROP-0001-300x42.png 300w, https:\/\/wandelsterne.at\/wp-content\/uploads\/2017\/04\/2017-04-14-WANDELSTERNE-LOGO-TEXT-CROP-0001-768x108.png 768w, https:\/\/wandelsterne.at\/wp-content\/uploads\/2017\/04\/2017-04-14-WANDELSTERNE-LOGO-TEXT-CROP-0001-1024x144.png 1024w, https:\/\/wandelsterne.at\/wp-content\/uploads\/2017\/04\/2017-04-14-WANDELSTERNE-LOGO-TEXT-CROP-0001-640x90.png 640w, https:\/\/wandelsterne.at\/wp-content\/uploads\/2017\/04\/2017-04-14-WANDELSTERNE-LOGO-TEXT-CROP-0001-1010x142.png 1010w\" sizes=\"(max-width: 300px) 100vw, 300px\" \/><\/p>\n<figure id=\"attachment_171\" aria-describedby=\"caption-attachment-171\" style=\"width: 1000px\" class=\"wp-caption aligncenter\"><img decoding=\"async\" loading=\"lazy\" class=\"wp-image-171 size-full\" src=\"http:\/\/wandelsterne.at\/wp-content\/uploads\/2017\/04\/wege-ins-licht.jpg\" alt=\"\" width=\"1000\" height=\"752\" srcset=\"https:\/\/wandelsterne.at\/wp-content\/uploads\/2017\/04\/wege-ins-licht.jpg 1000w, https:\/\/wandelsterne.at\/wp-content\/uploads\/2017\/04\/wege-ins-licht-300x226.jpg 300w, https:\/\/wandelsterne.at\/wp-content\/uploads\/2017\/04\/wege-ins-licht-768x578.jpg 768w, https:\/\/wandelsterne.at\/wp-content\/uploads\/2017\/04\/wege-ins-licht-640x481.jpg 640w\" sizes=\"(max-width: 1000px) 100vw, 1000px\" \/><figcaption id=\"caption-attachment-171\" class=\"wp-caption-text\">wege ins licht<\/figcaption><\/figure>\n<p>\u00a0<\/p>\n\n\n<pre class=\"wp-block-verse has-text-align-left\"><em>Wolle die Wandlung. O sei f\u00fcr die Flamme begeistert,\ndrin sich ein Ding dir entzieht, das mit Verwandlungen prunkt;\njener entwerfende Geist, welcher das Irdische meistert,\nliebt in dem Schwung der Figur nichts wie den wendenden Punkt.\n\nWas sich ins Bleiben verschlie\u00dft, schon ist's das Erstarrte:\nW\u00e4hnt es sich sicher im Schutz des unscheinbaren Grau's?\nWarte, ein H\u00e4rtestes warnt aus der Ferne das Harte.\nWehe -. abwesender Hammer holt aus!\n\nWer sich als Quelle ergie\u00dft, den erkennt die Erkennung;\nUnd se f\u00fchrt ihn entz\u00fcckt durch das heiter Geschaffne,\ndas mit Anfang oft schlie\u00dft und mit Ende beginnt.\n\nJeder gl\u00fcckliche Raum ist Kind oder Enkel von Trennung,\nden sie staunend durchgehn. Und die verwandelte Daphne\nwill, seit sie lorbeern f\u00fchlt, da\u00df du dich wandelst in Wind.<\/em>\n\nRAINER MARIA RILKE Die Sonette an Orpheus<\/pre>\n\n\n\n<p><\/p>\n\n\n\n<p><\/p>\n\n\n\n<p><\/p>\n","protected":false},"excerpt":{"rendered":"<p>Mein Werdegang Geboren 1963 in Innsbruck mit Sonne in Krebs und Aszendent Fisch Nach der Matura Studium der Kultur- und Sozialanthropologie und Geschichte in Wien. Bei einem Seminar zu \u201eOrakel im Kulturkontext\u201c im Rahmen des Studiums erste intensive Besch\u00e4ftigung mit Astrologie. Seit damals \u2013 1984 &#8211; autodidaktisches Studium der psychologischen und spirituellen Astrologie. Nach dem [&hellip;]<\/p>\n","protected":false},"author":1,"featured_media":0,"parent":0,"menu_order":0,"comment_status":"closed","ping_status":"closed","template":"","meta":[],"_links":{"self":[{"href":"https:\/\/wandelsterne.at\/index.php?rest_route=\/wp\/v2\/pages\/159"}],"collection":[{"href":"https:\/\/wandelsterne.at\/index.php?rest_route=\/wp\/v2\/pages"}],"about":[{"href":"https:\/\/wandelsterne.at\/index.php?rest_route=\/wp\/v2\/types\/page"}],"author":[{"embeddable":true,"href":"https:\/\/wandelsterne.at\/index.php?rest_route=\/wp\/v2\/users\/1"}],"replies":[{"embeddable":true,"href":"https:\/\/wandelsterne.at\/index.php?rest_route=%2Fwp%2Fv2%2Fcomments&post=159"}],"version-history":[{"count":22,"href":"https:\/\/wandelsterne.at\/index.php?rest_route=\/wp\/v2\/pages\/159\/revisions"}],"predecessor-version":[{"id":291,"href":"https:\/\/wandelsterne.at\/index.php?rest_route=\/wp\/v2\/pages\/159\/revisions\/291"}],"wp:attachment":[{"href":"https:\/\/wandelsterne.at\/index.php?rest_route=%2Fwp%2Fv2%2Fmedia&parent=159"}],"curies":[{"name":"wp","href":"https:\/\/api.w.org\/{rel}","templated":true}]}}

Über mich

<h4><img decoding="async" loading="lazy" class="wp-image-265 size-medium aligncenter" src="http://wandelsterne.at/wp-content/uploads/2017/04/P4160021-266x300.jpg" alt="" width="266" height="300" srcset="https://wandelsterne.at/wp-content/uploads/2017/04/P4160021-266x300.jpg 266w, https://wandelsterne.at/wp-content/uploads/2017/04/P4160021-768x866.jpg 768w, https://wandelsterne.at/wp-content/uploads/2017/04/P4160021-909x1024.jpg 909w, https://wandelsterne.at/wp-content/uploads/2017/04/P4160021-640x721.jpg 640w, https://wandelsterne.at/wp-content/uploads/2017/04/P4160021-1010x1138.jpg 1010w, https://wandelsterne.at/wp-content/uploads/2017/04/P4160021.jpg 1331w" sizes="(max-width: 266px) 100vw, 266px" /></h4>
<h4>Mein Werdegang</h4>
<ul>
<li>Geboren 1963 in Innsbruck mit Sonne in Krebs und Aszendent Fisch</li>
<li>Nach der Matura Studium der Kultur- und Sozialanthropologie und Geschichte in Wien. Bei einem Seminar zu „Orakel im Kulturkontext“ im Rahmen des Studiums erste intensive Beschäftigung mit Astrologie. Seit damals – 1984 &#8211; autodidaktisches Studium der psychologischen und spirituellen Astrologie.</li>
<li>Nach dem Studium Mitarbeit bei der Konzeption und Aufbau des Museums der Völker in Schwaz. Als stellvertretende Leiterin hatte ich ein breitgefächertes Aufgabengebiet, unter anderem Öffentlichkeitsarbeit, Mitarbeiterführung und Kulturvermittlung. In diesen Jahren lernte ich unternehmerisches Denken und gleichzeitig erlangte ich Verständnis für die Anliegen von ArbeitnehmerInnen – Perspektiven, die für berufliche astrologische Beratungen sehr wertvoll sind.</li>
<li>1998 – 2001 Ausbildung zur Berufsastrologin der „Astrologischen Menschenkunde“ bei Dr. Peter Niehenke in seinem Freiburger Ausbildungszentrum des Deutschen Astrologenverbandes (DAV), dessen Vorsitzender er von 1981-1991 war. Seit dieser Zeit zahlreiche astrologische Beratungen.</li>
<li>Gleichzeitig absolvierte ich das psychotherapeutische Propädeutikum, den theoretischen Teil einer Psychotherapieausbildung.</li>
<li>2001 -2017 ambulante Familienarbeit im psychosozialen Bereich. Während dieser Zeit konnte ich mir fundierte Kenntnisse über Gesprächsführung, Krisenmanagement, systemische Beratung, Entwicklung von Kindern und Jugendlichen und Supervision aneignen.</li>
<li>2017 Gründung der astrologischen Praxis</li>
</ul>
<p><img decoding="async" loading="lazy" class="size-medium wp-image-184 aligncenter" src="http://wandelsterne.at/wp-content/uploads/2017/04/2017-04-14-WANDELSTERNE-LOGO-TEXT-CROP-0001-300x42.png" alt="" width="300" height="42" srcset="https://wandelsterne.at/wp-content/uploads/2017/04/2017-04-14-WANDELSTERNE-LOGO-TEXT-CROP-0001-300x42.png 300w, https://wandelsterne.at/wp-content/uploads/2017/04/2017-04-14-WANDELSTERNE-LOGO-TEXT-CROP-0001-768x108.png 768w, https://wandelsterne.at/wp-content/uploads/2017/04/2017-04-14-WANDELSTERNE-LOGO-TEXT-CROP-0001-1024x144.png 1024w, https://wandelsterne.at/wp-content/uploads/2017/04/2017-04-14-WANDELSTERNE-LOGO-TEXT-CROP-0001-640x90.png 640w, https://wandelsterne.at/wp-content/uploads/2017/04/2017-04-14-WANDELSTERNE-LOGO-TEXT-CROP-0001-1010x142.png 1010w" sizes="(max-width: 300px) 100vw, 300px" /></p>
<figure id="attachment_171" aria-describedby="caption-attachment-171" style="width: 1000px" class="wp-caption aligncenter"><img decoding="async" loading="lazy" class="wp-image-171 size-full" src="http://wandelsterne.at/wp-content/uploads/2017/04/wege-ins-licht.jpg" alt="" width="1000" height="752" srcset="https://wandelsterne.at/wp-content/uploads/2017/04/wege-ins-licht.jpg 1000w, https://wandelsterne.at/wp-content/uploads/2017/04/wege-ins-licht-300x226.jpg 300w, https://wandelsterne.at/wp-content/uploads/2017/04/wege-ins-licht-768x578.jpg 768w, https://wandelsterne.at/wp-content/uploads/2017/04/wege-ins-licht-640x481.jpg 640w" sizes="(max-width: 1000px) 100vw, 1000px" /><figcaption id="caption-attachment-171" class="wp-caption-text">wege ins licht</figcaption></figure>
<p> </p>


<pre class="wp-block-verse has-text-align-left"><em>Wolle die Wandlung. O sei für die Flamme begeistert,
drin sich ein Ding dir entzieht, das mit Verwandlungen prunkt;
jener entwerfende Geist, welcher das Irdische meistert,
liebt in dem Schwung der Figur nichts wie den wendenden Punkt.

Was sich ins Bleiben verschließt, schon ist's das Erstarrte:
Wähnt es sich sicher im Schutz des unscheinbaren Grau's?
Warte, ein Härtestes warnt aus der Ferne das Harte.
Wehe -. abwesender Hammer holt aus!

Wer sich als Quelle ergießt, den erkennt die Erkennung;
Und se führt ihn entzückt durch das heiter Geschaffne,
das mit Anfang oft schließt und mit Ende beginnt.

Jeder glückliche Raum ist Kind oder Enkel von Trennung,
den sie staunend durchgehn. Und die verwandelte Daphne
will, seit sie lorbeern fühlt, daß du dich wandelst in Wind.</em>

RAINER MARIA RILKE Die Sonette an Orpheus</pre>



<p></p>



<p></p>



<p></p>

<p>Mein Werdegang Geboren 1963 in Innsbruck mit Sonne in Krebs und Aszendent Fisch Nach der Matura Studium der Kultur- und Sozialanthropologie und Geschichte in Wien. Bei einem Seminar zu „Orakel im Kulturkontext“ im Rahmen des Studiums erste intensive Beschäftigung mit Astrologie. Seit damals – 1984 &#8211; autodidaktisches Studium der psychologischen und spirituellen Astrologie. Nach dem [&hellip;]</p>
